ors of 14970?
2, 3, 5, 499
List the prime factors of 197.
197
What are the prime factors of 6300?
2, 3, 5, 7
What are the prime factors of 1801?
1801
List the prime factors of 65447.
65447
List the prime factors of 2405.
5, 13, 37
What are the prime factors of 3382?
2, 19, 89
What are the prime factors of 1579?
1579
List the prime factors of 86286.
2, 3, 73, 197
What are the prime factors of 703?
19, 37
What are the prime factors of 38660?
2, 5, 1933
What are the prime factors of 2463?
3, 821
What are the prime factors of 981?
3, 109
List the prime factors of 27478.
2, 11, 1249
What are the prime factors of 57346?
2, 53, 541
What are the prime factors of 3879?
3, 431
List the prime factors of 6921.
3, 769
List the prime factors of 8700.
2, 3, 5, 29
List the prime factors of 30463.
41, 743
What are the prime factors of 1413?
3, 157
List the prime factors of 70052.
2, 83, 211
What are the prime factors of 119540?
2, 5, 43, 139
What are the prime factors of 452?
2, 113
What are the prime factors of 2503?
2503
What are the prime factors of 7314?
2, 3, 23, 53
What are the prime factors of 116554?
2, 101, 577
What are the prime factors of 100063?
47, 2129
List the prime factors of 13448.
2, 41
List the prime factors of 6795.
3, 5, 151
List the prime factors of 31626.
2, 3, 7, 251
What are the prime factors of 18307?
18307
List the prime factors of 1144.
2, 11, 13
What are the prime factors of 219?
3, 73
What are the prime factors of 73920?
2, 3, 5, 7, 11
What are the prime factors of 312?
2, 3, 13
What are the prime factors of 2514?
2, 3, 419
List the prime factors of 31544.
2, 3943
List the prime factors of 101683.
23, 4421
What are the prime factors of 4434?
2, 3, 739
List the prime factors of 89273.
89273
List the prime factors of 1467.
3, 163
What are the prime factors of 33937?
33937
What are the prime factors of 1003?
17, 59
List the prime factors of 38358.
2, 3, 2131
List the prime factors of 24082.
2, 12041
List the prime factors of 119668.
2, 29917
List the prime factors of 1099.
7, 157
What are the prime factors of 2517?
3, 839
What are the prime factors of 2302?
2, 1151
List the prime factors of 395.
5, 79
List the prime factors of 1524.
2, 3, 127
What are the prime factors of 393?
3, 131
List the prime factors of 5620.
2, 5, 281
List the prime factors of 22076.
2, 5519
What are the prime factors of 33367?
61, 547
What are the prime factors of 53839?
17, 3167
What are the prime factors of 855?
3, 5, 19
What are the prime factors of 52188?
2, 3, 4349
List the prime factors of 13861.
83, 167
List the prime factors of 140741.
140741
List the prime factors of 2321.
11, 211
What are the prime factors of 17378?
2, 8689
What are the prime factors of 13685?
5, 7, 17, 23
What are the prime factors of 1547?
7, 13, 17
What are the prime factors of 28541?
28541
List the prime factors of 28945.
5, 7, 827
List the prime factors of 2039.
2039
List the prime factors of 357.
3, 7, 17
What are the prime factors of 1336?
2, 167
List the prime factors of 44040.
2, 3, 5, 367
What are the prime factors of 72199?
17, 31, 137
What are the prime factors of 417?
3, 139
What are the prime factors of 1019?
1019
What are the prime factors of 39139?
39139
What are the prime factors of 243?
3
List the prime factors of 17796.
2, 3, 1483
What are the prime factors of 5215?
5, 7, 149
What are the prime factors of 550?
2, 5, 11
What are the prime factors of 529?
23
What are the prime factors of 12118?
2, 73, 83
What are the prime factors of 935?
5, 11, 17
List the prime factors of 1352.
2, 13
List the prime factors of 1899.
3, 211
What are the prime factors of 51?
3, 17
What are the prime factors of 621?
3, 23
List the prime factors of 1735.
5, 347
List the prime factors of 710.
2, 5, 71
What are the prime factors of 381?
3, 127
What are the prime factors of 2064?
2, 3, 43
List the prime factors of 24049.
24049
What are the prime factors of 1335?
3, 5, 89
List the prime factors of 177803.
17, 10459
List the prime factors of 149.
149
List the prime factors of 1830.
2, 3, 5, 61
List the prime factors of 2945.
5, 19, 31
What are the prime factors of 29290?
2, 5, 29, 101
What are the prime factors of 65045?
5, 13009
What are the prime factors of 2053?
2053
What are the prime factors of 2330?
2, 5, 233
List the prime factors of 11096.
2, 19, 73
List the prime factors of 188739.
3, 67, 313
List the prime factors of 5303.
5303
What are the prime factors of 477?
3, 53
List the prime factors of 245.
5, 7
List the prime factors of 12970.
2, 5, 1297
What are the prime factors of 1857?
3, 619
What are the prime factors of 33469?
33469
What are the prime factors of 599?
599
List the prime factors of 1251.
3, 139
List the prime factors of 125547.
3, 41849
What are the prime factors of 80040?
2, 3, 5, 23, 29
What are the prime factors of 351?
3, 13
List the prime factors of 1143.
3, 127
What are the prime factors of 16723?
7, 2389
List the prime factors of 934.
2, 467
What are the prime factors of 59994?
2, 3, 11, 101
List the prime factors of 27858.
2, 3, 4643
What are the prime factors of 15110?
2, 5, 1511
List the prime factors of 6292.
2, 11, 13
What are the prime factors of 60514?
2, 79, 383
List the prime factors of 1652.
2, 7, 59
What are the prime factors of 3175?
5, 127
List the prime factors of 5559.
3, 17, 109
What are the prime factors of 1525?
5, 61
What are the prime factors of 11448?
2, 3, 53
List the prime factors of 1623.
3, 541
What are the prime factors of 17814?
2, 3, 2969
List the prime factors of 8094.
2, 3, 19, 71
What are the prime factors of 287?
7, 41
What are the prime factors of 8443?
8443
What are the prime factors of 66178?
2, 7, 29, 163
What are the prime factors of 210?
2, 3, 5, 7
What are the prime factors of 9357?
3, 3119
What are the prime factors of 58771?
58771
What are the prime factors of 287?
7, 41
List the prime factors of 18071.
17, 1063
What are the prime factors of 106387?
191, 557
What are the prime factors of 5615?
5, 1123
What are the prime factors of 11162?
2, 5581
List the prime factors of 30543.
3, 10181
List the prime factors of 19688.
2, 23, 107
List the prime factors of 142603.
59, 2417
What are the prime factors of 8661?
3, 2887
What are the prime factors of 514?
2, 257
List the prime factors of 48784.
2, 3049
What are the prime factors of 516?
2, 3, 43
What are the prime factors of 122?
2, 61
List the prime factors of 546.
2, 3, 7, 13
List the prime factors of 677.
677
List the prime factors of 446.
2, 223
What are the prime factors of 20100?
2, 3, 5, 67
List the prime factors of 18449.
19, 971
What are the prime factors of 161480?
2, 5, 11, 367
What are the prime factors of 73?
73
List the prime factors of 2251.
2251
List the prime factors of 10866.
2, 3, 1811
List the prime factors of 9909.
3, 367
List the prime factors of 1680.
2, 3, 5, 7
List the prime factors of 7993.
7993
List the prime factors of 5748.
2, 3, 479
List the prime factors of 2908.
2, 727
List the prime factors of 58294.
2, 29147
List the prime factors of 20128.
2, 17, 37
What are the prime factors of 8083?
59, 137
List the prime factors of 171207.
3, 17, 373
What are the prime factors of 51584?
2, 13, 31
What are the prime factors of 29021?
29021
What are the prime factors of 30143?
43, 701
List the prime factors of 4273.
4273
What are the prime factors of 137585?
5, 7, 3931
List the prime factors of 1196.
2, 13, 23
What are the prime factors of 583?
11, 53
List the prime factors of 18116.
2, 7, 647
What are the prime factors of 110566?
2, 59, 937
What are the prime factors of 7828?
2, 19, 103
What are the prime factors of 14404?
2, 13, 277
What are the prime factors of 1909?
23, 83
What are the prime factors of 316?
2, 79
What are the prime factors of 729?
3
List the prime factors of 33527.
13, 2579
List the prime factors of 60198.
2, 3, 79, 127
What are the prime factors of 8627?
8627
List the prime factors of 764.
2, 191
List the prime factors of 954.
2, 3, 53
What are the prime factors of 527?
17, 31
List the prime factors of 103222.
2, 7, 73, 101
What are the prime factors of 16830?
2, 3, 5, 11, 17
What are the prime factors of 1278?
2, 3, 71
What are the prime factors of 2275?
5, 7, 13
List the prime factors of 874.
2, 19, 23
What are the prime factors 